{"id":12,"date":"2024-01-06T22:57:21","date_gmt":"2024-01-06T22:57:21","guid":{"rendered":"https:\/\/bursztyniara.pl\/?page_id=12"},"modified":"2024-08-21T12:26:21","modified_gmt":"2024-08-21T12:26:21","slug":"kim-jest-bursztyniara","status":"publish","type":"page","link":"https:\/\/bursztyniara.pl\/index.php\/kim-jest-bursztyniara\/","title":{"rendered":"Kim jest Bursztyniara?"},"content":{"rendered":"\n<figure class=\"wp-block-image size-large\"><img loading=\"lazy\" decoding=\"async\" width=\"681\" height=\"1024\" src=\"https:\/\/bursztyniara.pl\/wp-content\/uploads\/2024\/01\/DSC_3713-681x1024.jpg\" alt=\"\" class=\"wp-image-14\" srcset=\"https:\/\/bursztyniara.pl\/wp-content\/uploads\/2024\/01\/DSC_3713-681x1024.jpg 681w, https:\/\/bursztyniara.pl\/wp-content\/uploads\/2024\/01\/DSC_3713-200x300.jpg 200w, https:\/\/bursztyniara.pl\/wp-content\/uploads\/2024\/01\/DSC_3713-768x1154.jpg 768w, https:\/\/bursztyniara.pl\/wp-content\/uploads\/2024\/01\/DSC_3713-1022x1536.jpg 1022w, https:\/\/bursztyniara.pl\/wp-content\/uploads\/2024\/01\/DSC_3713-1363x2048.jpg 1363w, https:\/\/bursztyniara.pl\/wp-content\/uploads\/2024\/01\/DSC_3713-scaled.jpg 1703w\" sizes=\"auto, (max-width: 681px) 100vw, 681px\" \/><figcaption class=\"wp-element-caption\">Kapibara Bursztyniara. Kapibara Ba\u0142tykara. Kapibara Pla\u017cara. fot. Patrycja Kl\u00f3ska-Osi\u0144ska (www.labilny.pl), 2023<\/figcaption><\/figure>\n\n\n\n<p><\/p>\n\n\n\n<p>Nazywam si\u0119&nbsp;Julia Irmina Hladiy i urodzi\u0142am si\u0119&nbsp;w grudniu 1992 roku. Wcze\u015bniej pisa\u0142am o bursztynie na swoim Instagramie oraz Facebooku pod nickiem Pyszczucha. Podj\u0119\u0142am jednak decyzj\u0119 o zmigrowaniu na nazw\u0119&nbsp;Bursztyniara, kt\u00f3ra bardziej odpowiada temu, o czym chc\u0119 m\u00f3wi\u0107. \ud83d\ude42<\/p>\n\n\n\n<p>Moje poszukiwania bursztynu zacz\u0119\u0142y si\u0119&nbsp;w dzieci\u0144stwie, kiedy bezskutecznie ogl\u0105da\u0142am znalezione nad brzegiem morza kamyki i dopytuj\u0105c doros\u0142ych &#8220;czy to bursztyn?&#8221; (Nie, to nigdy nie by\u0142 bursztyn.)<\/p>\n\n\n\n<p>Na powa\u017cnie zacz\u0119\u0142am si\u0119&nbsp;interesowa\u0107 tematem wiosn\u0105&nbsp;2021 roku. Pierwsze bursztyny znalaz\u0142am dopiero za drugim podej\u015bciem. Entuzjastyczny wypad do Sobieszewa zako\u0144czy\u0142 si\u0119&nbsp;fiaskiem, natomiast wizyta na pla\u017cy w Jantarze przynios\u0142a upragnione zbiory. Do dzi\u015b&nbsp;trzymam je w mikros\u0142oiku po d\u017cemie. Mia\u0142am wtedy zupe\u0142nie niedorzeczn\u0105&nbsp;definicj\u0119 &#8220;du\u017cego bursztyna&#8221;. \ud83d\ude09<\/p>\n\n\n\n<p>W grudniu 2021 roku po raz pierwszy zobaczy\u0142am co to znaczy, \u017ce &#8220;sypie&#8221;, a w lutym 2022 roku po orkanie Nadia znalaz\u0142am w Sobieszewie krzy\u017cyk z bursztynu. Archeolog wydatowa\u0142 go na wczesne \u015bredniowiecze. Prawie p\u00f3\u0142 roku p\u00f3\u017aniej artefakt znalaz\u0142 si\u0119&nbsp;na wystawie sta\u0142ej w Muzeum Bursztynu. Wtedy w Internecie, prasie oraz w telewizji zacz\u0119\u0142y si\u0119&nbsp;pojawia\u0107 informacje na temat okoliczno\u015bci znaleziska. <a href=\"https:\/\/bursztyniara.pl\/index.php\/publikacje-i-media\/\" data-type=\"link\" data-id=\"https:\/\/bursztyniara.pl\/index.php\/publikacje-i-media\/\" target=\"_blank\" rel=\"noreferrer noopener\">Udzieli\u0142am kilku wywiad\u00f3w i zosta\u0142am te\u017c zaproszona do napisania artyku\u0142u dla Bursztyniska, co z rado\u015bci\u0105 zrobi\u0142am.<\/a><\/p>\n\n\n\n<p>Co teraz? \u0141owi\u0119 dalej. Nied\u0142ugo stukn\u0105 trzy lata poszukiwa\u0144. \u017bartobliwie twierdz\u0119, \u017ce moim celem jest Nokia w bursztynie (wiecie, ta nie\u015bmiertelna ceg\u0142a), albo jaki\u015b ufoludek. W ka\u017cdym razie mam w sobie du\u017co optymizmu na przysz\u0142o\u015b\u0107, a moim celem jest jaka\u015b&nbsp;niezwykle ciekawa inkluzja.<\/p>\n\n\n\n<p>Na blogu chcia\u0142abym si\u0119&nbsp;skupi\u0107&nbsp;na opowie\u015bciach, ale b\u0119d\u0119 te\u017c przemyca\u0107 aspekty edukacyjne &#8211; o sprz\u0119cie, o bursztynie, o po\u0142awianiu.<\/p>\n\n\n\n<p><a href=\"Moje miejsca w sieci\"><strong>Mo<\/strong><\/a><strong><a href=\"https:\/\/linktr.ee\/bursztyniara\" target=\"_blank\" rel=\"noreferrer noopener\">je miejsca w sieci<\/a><\/strong><\/p>\n","protected":false},"excerpt":{"rendered":"<p>Nazywam si\u0119&nbsp;Julia Irmina Hladiy i urodzi\u0142am si\u0119&nbsp;w grudniu 1992 roku. Wcze\u015bniej pisa\u0142am o bursztynie na swoim Instagramie oraz Facebooku pod nickiem Pyszczucha. Podj\u0119\u0142am jednak decyzj\u0119 o zmigrowaniu na nazw\u0119&nbsp;Bursztyniara, kt\u00f3ra bardziej odpowiada temu, o czym chc\u0119 m\u00f3wi\u0107. \ud83d\ude42 Moje poszukiwania bursztynu zacz\u0119\u0142y si\u0119&nbsp;w dzieci\u0144stwie, kiedy bezskutecznie ogl\u0105da\u0142am znalezione nad brzegiem morza kamyki i dopytuj\u0105c doros\u0142ych&#8230;<\/p>\n","protected":false},"author":1,"featured_media":0,"parent":0,"menu_order":0,"comment_status":"closed","ping_status":"closed","template":"","meta":{"footnotes":""},"class_list":["post-12","page","type-page","status-publish","hentry"],"_links":{"self":[{"href":"https:\/\/bursztyniara.pl\/index.php\/wp-json\/wp\/v2\/pages\/12","targetHints":{"allow":["GET"]}}],"collection":[{"href":"https:\/\/bursztyniara.pl\/index.php\/wp-json\/wp\/v2\/pages"}],"about":[{"href":"https:\/\/bursztyniara.pl\/index.php\/wp-json\/wp\/v2\/types\/page"}],"author":[{"embeddable":true,"href":"https:\/\/bursztyniara.pl\/index.php\/wp-json\/wp\/v2\/users\/1"}],"replies":[{"embeddable":true,"href":"https:\/\/bursztyniara.pl\/index.php\/wp-json\/wp\/v2\/comments?post=12"}],"version-history":[{"count":7,"href":"https:\/\/bursztyniara.pl\/index.php\/wp-json\/wp\/v2\/pages\/12\/revisions"}],"predecessor-version":[{"id":96,"href":"https:\/\/bursztyniara.pl\/index.php\/wp-json\/wp\/v2\/pages\/12\/revisions\/96"}],"wp:attachment":[{"href":"https:\/\/bursztyniara.pl\/index.php\/wp-json\/wp\/v2\/media?parent=12"}],"curies":[{"name":"wp","href":"https:\/\/api.w.org\/{rel}","templated":true}]}}